0
Let g(o) = -6*o + 58. Give g(10).
-2
Let r(w) = 2*w**3 + w**2 - 4*w - 3. Determine r(-3).
-36
Let z(o) = o + 5. Determine z(-2).
3
Let m(l) = -l**3 - 3*l**2 - 2*l - 2. What is m(-3)?
4
Let x(j) = -2*j - 36. Give x(-9).
-18
Let u(g) = 32*g**2 + 29*g + 1. Calculate u(-1).
4
Let k(a) = 9*a + 10. Calculate k(-1).
1
Let d(x) = -6*x - 190. Determine d(-32).
2
Let b(z) = 41*z**2 - z - 2. Calculate b(-1).
40
Let g(i) = i**3 - 5*i**2 + 3*i - 2. What is g(3)?
-11
Let w(h) = -h**3 - 22*h**2 - 19*h + 34. Calculate w(-21).
-8
Let d(q) = q**2 + 7*q - 90. What is d(-14)?
8
Let i(b) = -b**3 - 7*b**2 + 8*b + 8. Give i(-8).
8
Let n(j) = -j**3 + 6*j**2 + 6*j + 4. Give n(6).
40
Let p(y) = -y**3 + 5*y**2 + 6*y - 3. Calculate p(6).
-3
Let g(r) = 5*r**2 - 108*r - 38. What is g(22)?
6
Let o(x) = -5*x**2 + 3*x - 2. What is o(2)?
-16
Let f(p) = -3*p + 18. Calculate f(5).
3
Let v(y) = 2*y**2 + 2*y + 19. Give v(0).
19
Let a(h) = -2*h**2 + 2*h + 5. Calculate a(-2).
-7
Let w(o) = -o**2 + 32*o - 110. Determine w(4).
2
Let y(w) = -w**3 + 3*w**2 + 2. Calculate y(3).
2
Let c(f) = 14*f**2 + 2*f + 2. What is c(-2)?
54
Let f(s) = 7*s - 7. Calculate f(-6).
-49
Let h(u) = u**3 - 9*u**2 + 19*u + 4. What is h(6)?
10
Let q(n) = n**3 - 16*n**2 + 16*n + 6. What is q(15)?
21
Let i(s) = s**2 + 12*s - 80. What is i(-17)?
5
Let c(n) = -6*n + 269. What is c(47)?
-13
Let i(q) = q**3 + 40*q**2 + 74*q - 91. What is i(-38)?
-15
Let y(n) = -5*n**2 - 3*n + 2. Determine y(1).
-6
Let v(l) = l**3 + 2*l**2 - l - 3. Give v(-4).
-31
Let d(a) = -19*a - 164. Determine d(-9).
7
Let p(v) = -v**2 - 12*v - 29. Calculate p(-9).
-2
Let x(w) = -15*w + 103. Give x(8).
-17
Let n(i) = 3*i**3 + i**2 - 4. What is n(-3)?
-76
Let a(n) = 5*n - 51. Calculate a(11).
4
Let w(t) = -5*t**3 - t**2 + t + 1. Give w(-1).
4
Let c(x) = x**2 + 19*x - 4. Determine c(-16).
-52
Let h(g) = 26*g - 623. Give h(24).
1
Let o(p) = -4*p + 186. Calculate o(49).
-10
Let i(z) = -z**2 - z + 2. Determine i(-3).
-4
Let a(y) = -9*y + 40. Calculate a(4).
4
Let a(i) = -2*i**2 - 62*i + 284. Give a(-35).
4
Let n(v) = 25*v**3 + v**2 + v. Give n(-1).
-25
Let h(d) = 14*d - 50. Calculate h(4).
6
Let d(y) = y**2 - 7*y + 9. What is d(5)?
-1
Let j(t) = -6*t - 3. What is j(-2)?
9
Let l(z) = -z**2 + 2*z + 3. Give l(5).
-12
Let x(q) = -q**3 + 4*q**2 - 4*q - 11. Give x(6).
-107
Let k(l) = 16*l - 210. Give k(13).
-2
Let c(f) = -26*f - 18. Determine c(-2).
34
Let m(a) = 2*a + 5. Determine m(-4).
-3
Let v(f) = -63*f. Give v(-1).
63
Let d(u) = 3*u - 13. Determine d(0).
-13
Let c(q) = q**3 + 6*q**2 + 2*q - 1. Give c(-6).
-13
Let m(h) = 14*h - 34. Determine m(2).
-6
Let c(l) = -l**2 + 12*l - 13. What is c(10)?
7
Let s(u) = -u**3 - u**2 + 3*u - 4. Give s(-3).
5
Let o(p) = -p**3 - 5*p**2 - 2*p - 3. Give o(-4).
-11
Let c(k) = -k**3 - k**2 + 2*k + 23. Determine c(3).
-7
Let m(q) = -q**2 - 5*q + 10. Calculate m(-6).
4
Let g(v) = v**2 - 3*v - 8. Determine g(-4).
20
Let s(g) = 2*g - 1. Determine s(-5).
-11
Let o(f) = -f**3 - 8*f**2 + 5*f + 2. Calculate o(-8).
-38
Let n(g) = g - 5. What is n(3)?
-2
Let a(w) = -w**3 + 13*w**2 - 13*w + 13. Give a(12).
1
Let w(t) = -2*t - 4. Calculate w(1).
-6
Let o(k) = -96*k**3 - k**2 + 2. Calculate o(-1).
97
Let x(l) = -2*l**3 - 15*l**2 - 17*l + 8. Give x(-6).
2
Let z(k) = -k**2 - 7*k - 8. Calculate z(-16).
-152
Let v(s) = 20*s + 57. Calculate v(-3).
-3
Let p(d) = -d**3 - 6*d**2 - 6*d - 2. What is p(-3)?
-11
Let v(s) = 6*s**2 + 23*s - 8. Determine v(-4).
-4
Let l(t) = -t**3 - t**2 - t - 8. What is l(0)?
-8
Let h(u) = -2*u**2 - 13*u + 2. What is h(-7)?
-5
Let z(f) = -f**2 - 29*f - 128. Determine z(-5).
-8
Let r(z) = z**3 + 7*z**2 - 10*z - 7. Give r(-8).
9
Let z(p) = 2*p + 4. Determine z(-6).
-8
Let a(w) = -w**2 - 37. Calculate a(5).
-62
Let q(z) = -4*z + 4. What is q(3)?
-8
Let a(z) = 6*z**2 + 24*z - 13. Calculate a(-5).
17
Let o(j) = -2*j**2 + 6*j. Give o(4).
-8
Let m(y) = -y**2 + 19*y - 35. Determine m(15).
25
Let t(b) = 4*b + 17. Give t(-6).
-7
Let h(f) = -13*f - 5. What is h(-1)?
8
Let f(g) = -g**3 + 7*g**2 - 9*g + 3. Determine f(6).
-15
Let g(x) = 4*x - 10. Determine g(0).
-10
Let k(d) = 8*d**2 - 5*d + 5. Give k(2).
27
Let y(i) = i**3 - i**2 + 2*i + 5. Determine y(0).
5
Let r(a) = -22*a**3 + a**2 - 2*a + 6. Give r(2).
-170
Let j(d) = d**3 - 40*d**2 + 79*d - 108. Calculate j(38).
6
Let w(y) = -2*y + 3. Give w(-16).
35
Let k(t) = t**3 + 15*t**2 - 54*t + 1. What is k(-18)?
1
Let d(b) = -8*b + 78. Calculate d(8).
14
Let l(x) = -2*x**3 + 4*x**2 - 3*x + 2. Give l(2).
-4
Let s(c) = c**3 + 10*c**2 + 14*c - 3. Calculate s(-8).
13
Let l(c) = -3*c**2 - 16*c - 44. What is l(-4)?
-28
Let f(v) = -v**2 - 21*v - 70. Give f(-16).
10
Let a(j) = 2*j + 49. Determine a(-20).
9
Let z(y) = y**3 + y**2 + 3*y + 1. What is z(-2)?
-9
Let o(f) = f - 22. Give o(0).
-22
Let d(p) = p**2 + 3*p + 12. Calculate d(0).
12
Let v(o) = -o**3 + o**2 - 4. Calculate v(0).
-4
Let c(d) = 16*d**2 + d + 1. Calculate c(-2).
63
Let q(y) = 36*y + 214. Calculate q(-6).
-2
Let g(m) = -m**2 - 20*m - 77. Determine g(-17).
-26
Let r(k) = 2*k**2 + 8*k + 5. Give r(-9).
95
Let p(d) = 8*d + 47. Calculate p(-7).
-9
Let s(y) = -13*y + 96. Calculate s(3).
57
Let p(a) = -2*a**3 - 12*a**2 - 8*a + 9. Give p(-5).
-1
Let u(x) = 3*x**2 - 4*x + 3. Give u(1).
2
Let m(i) = 2*i**2 - 23*i - 42. What is m(13)?
-3
Let y(i) = -4*i - 73. Determine y(-16).
-9
Let v(n) = n**3 + 11*n**2 + 27*n - 18. Calculate v(-5).
-3
Let x(i) = -i - 11. What is x(9)?
-20
Let f(v) = -v**3 + 2*v**2 + 3*v - 6. Determine f(3).
-6
Let y(h) = h - 10. Give y(19).
9
Let h(i) = -i**3 + 8*i**2 + 7*i - 6. Give h(9).
-24
Let r(v) = -v**3 - 31*v**2 + 104*v + 49. Calculate r(-34).
-19
Let g(q) = 5*q - 20. Calculate g(-8).
-60
Let o(k) = 35*k - 7. Determine o(1).
28
Let t(a) = -3*a**2 - 77*a + 50. Calculate t(-27).
-58
Let l(o) = -o**3 + 14*o**2 + 16*o - 2. Calculate l(15).
13
Let k(v) = v**2 + 29*v + 69. Determine k(-25).
-31
Let h(o) = 7*o**2 - o - 2. Determine h(2).
24
Let x(a) = a**3 - 11*a**2 - 5*a + 15. Determine x(11).
-40
Let r(g) = 5*g - 73. Calculate r(19).
22
Let k(a) = -a**2 + a - 4. Give k(3).
-10
Let h(u) = -u + 24. Determine h(17).
7
Let o(x) = -x**3 - 14*x**2 + 12*x + 3. What is o(-15)?
48
Let r(x) = x**2 - 15*x + 5. What is r(15)?
5
Let o(b) = 6*b**2 + 3*b - 2. What is o(1)?
7
Let z(h) = -h**3 - 5*h**2 - 5*h - 71. Calculate z(-6).
-5
Let v(c) = -c**3 - 7*c**2 - 13*c + 1. What is v(-4)?
5
Let q(k) = -k + 10. Give q(-7).
17
Let x(m) = -3*m + 14. Determine x(14).
-28
Let l(c) = -3*c**2 - 4*c + 12. What is l(0)?
12
Let m(a) = a**3 + 8*a**2 + 5*a + 2. Determine m(-4).
46
Let f(q) = -2*q - 41. Determine f(-29).
17
Let b(q) = q**2 + 6*q + 23. What is b(-7)?
30
Let l(w) = w**3 + 17*w**2 - 20*w - 12. What is l(-18)?
24
Let i(t) = -t**3 + 6*t**2 - 2*t + 7. Calculate i(6).
-5
Let l(v) = -8*v**3 + v**2 - 5*v + 4. Calculate l(1).
-8
Let l(j) = 69*j - 214. What is l(3)?
-7
Let b(a) = -a**2 - 2. Calculate b(0).
-2
Let h(m) = -22*m + 93. What is h(4)?
5
Let a(x) = -x**2 - x + 15. What is a(-5)?
-5
Let d(p) = 2*p**3 + 5*p**2 + p + 9. Give d(-4).
-43
Let p(k) = -k**3 - 12*k**2 + 13*k - 5. Give p(-13).
-5
Let c(f) = -f**2 + 15*f - 35. Calculate c(12).
1
Let j(f) = 2*f**3 + 10*f**2 + 3*f - 4. Calculate j(-5).
-19
Let r(j) = -j**3 - 12*j**2 + 15*j + 4. Give r(-13).
-22
Let b(f) = -4*f**2 + 87*f + 33. Determine b(22).
11
Let w(p) = p**3 + 7*p**2 - p - 10. What is w(-7)?
-3
Let t(g) = g**3 + g**2 - 12*g + 10. Calculate t(-3).
28
Let g(d) = -2*d. Give g(-8).
16
Let l(w) = 7*w**2 - 6*w - 12. Calculate l(-2).
28
Let a(h) = -h**3 + 8*h**2 - 14. Give a(6).
58
Let g(x) = 2*x**3 + 16*x**2 + 5*x - 4. Determine g(-8).
-44
Let w(b) = -36*b - 117. Calculate w(-3).
-9
Let s(w) = w - 6. Give s(-6).
-12
Let q(x) = -x**3 + 4*x**2 + x + 12. Give q(4).
16
Let k(x) = 7*x - 49. What is k(8)?
7
Let n(x) = -10*x - 68. Calculate n(-6).
-8
Let p(k) = -94*k**3 + 2*k**2 - 1. Give p(-1).
95
Let c(k) = -2*k**3 - 2*k**2 + 7*k - 3. Calculate c(-4).
65
Let q(l) = -26*l**2 + 7*l - 6. Give q(1).
-25
Let m(q) = -4*q + 30. Determine m(5).
10
Let f(v) = -v - 7. Determine f(-8).
1
Let d(l) = -3*l**2 + 3. Determine d(2).
-9
Let c(u) = 10*u**2 + 7*u + 2. Determine c(1).
19
Let h(r) = -3*r**2 + 34*r + 12. Determine h(12).
-12
Let y(l) = -11*l + 390. Give y(35).
5
Let z(g) = -g**2 + 6